{"id":1670,"date":"2021-05-17T09:03:43","date_gmt":"2021-05-17T07:03:43","guid":{"rendered":"https:\/\/cezar-cloud.cz\/?page_id=1670"},"modified":"2021-05-17T10:44:24","modified_gmt":"2021-05-17T08:44:24","slug":"poptavka-reseni-cezar-cloud","status":"publish","type":"page","link":"https:\/\/cezar-cloud.cz\/index.php\/cenove-plany\/poptavka-reseni-cezar-cloud\/","title":{"rendered":"Popt\u00e1vka \u0159e\u0161en\u00ed C\u00e9zar Cloud"},"content":{"rendered":"\n<section class=\" ls      s-pt-50 s-pb-50\"\n         id=\"section-c161d9d\"\n\t\t\t>\n\t<h6 class=\"d-none\">section-c161d9d<\/h6>\n\t\t<div class=\"container\">\n\t\t<div class=\"row\">\n\t\t\t<div class=\"col-xs-12 col-12\" >\n\t\t<h6 class=\"special-heading text-center\">\n\t\t<span class=\"\">\n\t\t<span class=\"above\">Budeme od v\u00e1s pot\u0159ebovbat doplnit p\u00e1r informac\u00ed<\/span>\t<\/span>\n\t<\/h6>\n\t<h5 class=\"special-heading text-center\">\n\t\t<span class=\"\">\n\t\tP\u0159ed odesl\u00e1n\u00ed va\u0161\u00ed popt\u00e1vky pros\u00edm vypl\u0148te p\u00e1r informac\u00ed\t<\/span>\n\t<\/h5>\n<div class=\"fw-divider-space divider-30\"><\/div>\n<div class=\"form-wrapper \">\n\t<form data-fw-form-id=\"fw_form\" method=\"post\" action=\"https:\/\/cezar-cloud.cz\/index.php\/wp-json\/wp\/v2\/pages\/1670\" class=\"fw_form_fw_form\" data-fw-ext-forms-type=\"contact-forms\"><input type=\"hidden\" name=\"fwf\" value=\"fw_form\" \/><input type=\"hidden\" id=\"_nonce_74713a9bb57ae40ac22ee840a5bbe279\" name=\"_nonce_74713a9bb57ae40ac22ee840a5bbe279\" value=\"96861f818d\" \/><input type=\"hidden\" name=\"_wp_http_referer\" value=\"\/index.php\/wp-json\/wp\/v2\/pages\/1670\" \/><input type=\"hidden\" name=\"fw_ext_forms_form_type\" value=\"contact-forms\" \/><input type=\"hidden\" name=\"fw_ext_forms_form_id\" value=\"cbecee583a036652a267ae414bb75cf4\" \/><div class=\"wrap-forms\">\n\t<div class=\"row c-gutter-30 c-mb-15\"><\/div><div class=\"row c-gutter-30 c-mb-15\"><div class=\"col-xs-12 col-12 col-lg-6 form-builder-item\">\n\t<div class=\"form-group has-placeholder\">\n\t\t<label for=\"id-1\">N\u00e1zev va\u0161\u00ed firmy\t\t\t<sup>*<\/sup>\t\t<\/label>\n\t\t\t\t\t<i class=\"fa fa-building\"><\/i>\n\t\t\t\t<input class=\"form-control\" type=\"text\" name=\"text_ca92510\" placeholder=\"\" value=\"\" id=\"id-1\" required=\"required\">\n\t\t\t<\/div>\n<\/div><div class=\"col-xs-12 col-12 col-lg-6 form-builder-item\">\n\t<div class=\"form-group has-placeholder\">\n\t\t<label for=\"id-2\">Kontaktn\u00ed osoba\t\t\t<sup>*<\/sup>\t\t<\/label>\n\t\t\t\t\t<i class=\"fa fa-user\"><\/i>\n\t\t\t\t<input class=\"form-control\" type=\"text\" name=\"text_842241f\" placeholder=\"\" value=\"\" id=\"id-2\" required=\"required\">\n\t\t\t<\/div>\n<\/div><\/div><div class=\"row c-gutter-30 c-mb-15\"><div class=\"col-xs-12 col-12 col-lg-6 form-builder-item\">\n\t<div class=\"form-group has-placeholder\">\n\t\t<label for=\"id-3\">E-mail\t\t\t<sup>*<\/sup>\t\t<\/label>\n\t\t\t\t\t<i class=\"fa fa-envelope\"><\/i>\n\t\t\t\t<input class=\"form-control\" type=\"text\" name=\"text_cdbbc96\" placeholder=\"\" value=\"\" id=\"id-3\" required=\"required\">\n\t\t\t<\/div>\n<\/div><div class=\"col-xs-12 col-12 col-lg-6 form-builder-item\">\n\t<div class=\"form-group has-placeholder\">\n\t\t<label for=\"id-4\">Kontaktn\u00ed telefon\t\t\t<sup>*<\/sup>\t\t<\/label>\n\t\t\t\t\t<i class=\"fa fa-phone\"><\/i>\n\t\t\t\t<input class=\"form-control\" type=\"text\" name=\"text_d795137\" placeholder=\"\" value=\"\" id=\"id-4\" required=\"required\">\n\t\t\t<\/div>\n<\/div><\/div><div class=\"row c-gutter-30 c-mb-15\">\t<div class=\"col-xs-12 col-12 col-lg-4 form-builder-item\">\n\t\t<div class=\"field-select select-styled\">\n\t\t\t<label for=\"id-5\">Vybran\u00fd tarif\t\t\t\t<sup>*<\/sup>\t\t\t<\/label>\n\t\t\t<select name=\"select_266fd7b\" id=\"id-5\">\n\t\t\t\t\t\t\t\t\t<option value=\"Sd\u00edlen\u00fd server START\">Sd\u00edlen\u00fd server START<\/option>\n\t\t\t\t\t\t\t\t\t<option value=\"Priv\u00e1tn\u00ed server BASIC\">Priv\u00e1tn\u00ed server BASIC<\/option>\n\t\t\t\t\t\t\t\t\t<option value=\"Priv\u00e1tn\u00ed server PROFESSIONAL\">Priv\u00e1tn\u00ed server PROFESSIONAL<\/option>\n\t\t\t\t\t\t\t\t\t<option value=\"Individu\u00e1ln\u00ed \u0159e\u0161en\u00ed\">Individu\u00e1ln\u00ed \u0159e\u0161en\u00ed<\/option>\n\t\t\t\t\t\t\t<\/select>\n\t\t\t\t\t<\/div>\n\t<\/div>\n<div class=\"col-xs-12 col-12 col-lg-4 form-builder-item\">\n\t<div class=\"form-group\">\n\t\t<label for=\"id-6\">Po\u010det u\u017eivatel\u016f\t\t\t<sup>*<\/sup>\t\t<\/label>\n\t\t<input class=\"form-control\" type=\"text\" name=\"number_ee3be30\" placeholder=\"\" value=\"\" id=\"id-6\" required=\"required\" data-constraint=\"{&quot;type&quot;:&quot;value&quot;,&quot;data&quot;:{&quot;min&quot;:0,&quot;max&quot;:0}}\">\n\t\t\t<\/div>\n<\/div><div class=\"col-xs-12 col-12 col-lg-4 form-builder-item\">\n\t<div class=\"form-group\">\n\t\t<label for=\"id-7\">Po\u010det pobo\u010dek (prodejen)\t\t\t\t\t<\/label>\n\t\t<input class=\"form-control\" type=\"text\" name=\"number_03bbbbc\" placeholder=\"\" value=\"\" id=\"id-7\" data-constraint=\"{&quot;type&quot;:&quot;value&quot;,&quot;data&quot;:{&quot;min&quot;:0,&quot;max&quot;:0}}\">\n\t\t\t<\/div>\n<\/div><\/div><div class=\"row c-gutter-30 c-mb-15\"><div class=\"col-xs-12 col-12 form-builder-item\">\n\t<div class=\"form-group has-placeholder\">\n\t\t<label for=\"id-8\">Zp\u016fsob p\u0159ipojen\u00ed va\u0161\u00ed firmy (a pobo\u010dek) k Internetu, typ routeru\t\t\t\t\t<\/label>\n\t\t\t\t\t<i class=\"fa fa-globe\"><\/i>\n\t\t\t\t<input class=\"form-control\" type=\"text\" name=\"text_ae08b6c\" placeholder=\"\" value=\"\" id=\"id-8\">\n\t\t\t<\/div>\n<\/div><\/div><div class=\"row c-gutter-30 c-mb-15\"><div class=\"col-xs-12 col-12 form-builder-item\">\n\t<div class=\"form-group has-placeholder\">\n\t\t<label for=\"id-9\">Vzd\u00e1len\u011b pracuj\u00edc\u00ed u\u017eivatel\u00e9 (obchodn\u00ed z\u00e1stupci apod.)\t\t\t<sup>*<\/sup>\t\t<\/label>\n\t\t\t\t\t<i class=\"fa fa-users\"><\/i>\n\t\t\t\t<input class=\"form-control\" type=\"text\" name=\"text_5c7ebdc\" placeholder=\"\" value=\"\" id=\"id-9\" required=\"required\">\n\t\t\t<\/div>\n<\/div><\/div><div class=\"row c-gutter-30 c-mb-15\"><div class=\"col-xs-12 col-12 form-builder-item\">\n\t<div class=\"form-group has-placeholder\">\n\t\t<label for=\"id-10\">Co je\u0161t\u011b v\u00e1s napad\u00e1, co by mohlo b\u00fdt d\u016fle\u017eit\u00e9?\t\t\t\t\t<\/label>\n\t\t\t\t\t<i class=\"fa fa-align-left\"><\/i>\n\t\t\t\t<textarea class=\"form-control\" name=\"textarea_838d14d\" placeholder=\"\" id=\"id-10\"><\/textarea>\n\t\t\t<\/div>\n<\/div><\/div><div class=\"row c-gutter-30 c-mb-15\"><\/div><\/div><div class=\"wrap-forms\">\n\t<div class=\"row c-gutter-30 c-mb-15\">\n\t\t<div class=\"col-12 col-sm-12 mb-0\">\n\t\t\t<input class=\"btn btn-maincolor\" type=\"submit\" value=\"Odeslat popt\u00e1vku\" \/>\n\t\t\t\t\t<\/div>\n\t<\/div>\n<\/div><\/form><\/div><\/div><!-- .col-* -->\n\t\t<\/div>\n\n\t<\/div>\n<\/section>\n\n","protected":false},"excerpt":{"rendered":"<p>section-c161d9d Budeme od v\u00e1s pot\u0159ebovbat doplnit p\u00e1r informac\u00ed P\u0159ed odesl\u00e1n\u00ed va\u0161\u00ed popt\u00e1vky pros\u00edm vypl\u0148te p\u00e1r informac\u00ed N\u00e1zev va\u0161\u00ed firmy * Kontaktn\u00ed osoba * E-mail * Kontaktn\u00ed telefon * Vybran\u00fd tarif * Sd\u00edlen\u00fd server START Priv\u00e1tn\u00ed server BASIC Priv\u00e1tn\u00ed server PROFESSIONAL Individu\u00e1ln\u00ed \u0159e\u0161en\u00ed Po\u010det u\u017eivatel\u016f * Po\u010det pobo\u010dek (prodejen) Zp\u016fsob p\u0159ipojen\u00ed va\u0161\u00ed firmy (a pobo\u010dek) k [&hellip;]<\/p>\n","protected":false},"author":1,"featured_media":0,"parent":1454,"menu_order":0,"comment_status":"closed","ping_status":"closed","template":"page-templates\/full-width.php","meta":[],"_links":{"self":[{"href":"https:\/\/cezar-cloud.cz\/index.php\/wp-json\/wp\/v2\/pages\/1670"}],"collection":[{"href":"https:\/\/cezar-cloud.cz\/index.php\/wp-json\/wp\/v2\/pages"}],"about":[{"href":"https:\/\/cezar-cloud.cz\/index.php\/wp-json\/wp\/v2\/types\/page"}],"author":[{"embeddable":true,"href":"https:\/\/cezar-cloud.cz\/index.php\/wp-json\/wp\/v2\/users\/1"}],"replies":[{"embeddable":true,"href":"https:\/\/cezar-cloud.cz\/index.php\/wp-json\/wp\/v2\/comments?post=1670"}],"version-history":[{"count":7,"href":"https:\/\/cezar-cloud.cz\/index.php\/wp-json\/wp\/v2\/pages\/1670\/revisions"}],"predecessor-version":[{"id":1677,"href":"https:\/\/cezar-cloud.cz\/index.php\/wp-json\/wp\/v2\/pages\/1670\/revisions\/1677"}],"up":[{"embeddable":true,"href":"https:\/\/cezar-cloud.cz\/index.php\/wp-json\/wp\/v2\/pages\/1454"}],"wp:attachment":[{"href":"https:\/\/cezar-cloud.cz\/index.php\/wp-json\/wp\/v2\/media?parent=1670"}],"curies":[{"name":"wp","href":"https:\/\/api.w.org\/{rel}","templated":true}]}}